{"id":3,"date":"2023-03-21T09:36:47","date_gmt":"2023-03-21T08:36:47","guid":{"rendered":"https:\/\/imbstudent.donau-uni.ac.at\/omm17gr1\/?page_id=3"},"modified":"2023-07-08T10:41:15","modified_gmt":"2023-07-08T08:41:15","slug":"datenschutzerklaerung","status":"publish","type":"page","link":"https:\/\/imbstudent.donau-uni.ac.at\/aiboom\/datenschutzerklaerung\/","title":{"rendered":"Datenschutzerkl\u00e4rung"},"content":{"rendered":"\n<p>Soweit auf unseren Seiten personenbezogene Daten (beispielsweise Name, Anschrift oder eMail-Adressen) erhoben werden, erfolgt dies soweit m\u00f6glich stets auf freiwilliger Basis. Die Nutzung der Angebote und Dienste ist, soweit m\u00f6glich, stets ohne Angabe personenbezogener Daten m\u00f6glich.<\/p>\n\n\n\n<p>Der Nutzung von im Rahmen der Impressumspflicht ver\u00f6ffentlichten Kontaktdaten durch Dritte zur \u00dcbersendung von nicht ausdr\u00fccklich angeforderter Werbung und Informationsmaterialien wird hiermit ausdr\u00fccklich widersprochen. Die Betreiber der Seiten behalten sich ausdr\u00fccklich rechtliche Schritte im Falle der unverlangten Zusendung von Werbeinformationen, etwa durch Spam-Mails, vor.<\/p>\n\n\n\n<h3 class=\"wp-block-heading\">Betreiber des Blogs:<\/h3>\n\n\n\n<p>Der Blog AI Boom wird im Rahmen des Studiengangs Online Media Marketing an der Donau Uni Krems von Studierenden betrieben. Die Lehrgangsleiterin ist Frau Drs. Nicola Oudejans.<\/p>\n\n\n\n<p>Das Redaktionsteam des Blogs AI Boom k\u00f6nnen Sie unter aiboomredaktion@gmail.com erreichen.<\/p>\n\n\n\n<p>Anschrift des Blogs:<\/p>\n\n\n\n<p>Department f\u00fcr Weiterbildungsforschung und Bildungstechnologien an der Universit\u00e4t f\u00fcr Weiterbildung Krems, Dr.-Karl-Dorrek-Stra\u00dfe 30, 3500 Krems, Telefonisch erreichbar unter: +43 2732 893-2361<\/p>\n\n\n\n<h3 class=\"wp-block-heading\">Geltungsbereich<\/h3>\n\n\n\n<p>Diese Datenschutzerkl\u00e4rung soll die Nutzer dieser Website gem\u00e4\u00df europ\u00e4schischer Datenschutzgrundverordnung (DSGVO) \u00fcber die Art, den Umfang und den Zweck der Erhebung und Verwendung personenbezogener Daten durch den Websitebetreiber informieren. Der Websitebetreiber nimmt Ihren Datenschutz sehr ernst und behandelt Ihre personenbezogenen Daten vertraulich und entsprechend der gesetzlichen Vorschriften. Bedenken Sie, dass die Daten\u00fcbertragung im Internet grunds\u00e4tzlich mit Sicherheitsl\u00fccken bedacht sein kann. Ein vollumf\u00e4nglicher Schutz vor dem Zugriff durch Fremde ist nicht realisierbar.<\/p>\n\n\n\n<h3 class=\"wp-block-heading\">Rechte des Nutzers: Auskunft, Berichtigung und L\u00f6schung<\/h3>\n\n\n\n<p>Sie als Nutzer erhalten auf Antrag Ihrerseits kostenlose Auskunft dar\u00fcber, welche personenbezogenen Daten \u00fcber Sie gespeichert wurden. Sofern Ihr Wunsch nicht mit einer gesetzlichen Pflicht zur Aufbewahrung von Daten (z. B. Vorratsdatenspeicherung) kollidiert, haben Sie ein Anrecht auf Berichtigung falscher Daten und auf die Sperrung oder L\u00f6schung Ihrer personenbezogenen Daten.<\/p>\n\n\n\n<h3 class=\"wp-block-heading\">Zugriffsdaten<\/h3>\n\n\n\n<p>Der Websitebetreiber bzw. Seitenprovider erhebt Daten \u00fcber Zugriffe auf die Seite und speichert diese als \u201eServer-Logfiles\u201c ab. Folgende Daten werden so protokolliert:<\/p>\n\n\n\n<p>\u2022 Besuchte Website<\/p>\n\n\n\n<p>\u2022 Uhrzeit zum Zeitpunkt des Zugriffes<\/p>\n\n\n\n<p>\u2022 Menge der gesendeten Daten in Byte<\/p>\n\n\n\n<p>\u2022 Quelle\/Verweis, von welchem Sie auf die Seite gelangten<\/p>\n\n\n\n<p>\u2022 Verwendeter Browser<\/p>\n\n\n\n<p>\u2022 Verwendetes Betriebssystem<\/p>\n\n\n\n<p>\u2022 Verwendete IP-Adresse<\/p>\n\n\n\n<p>Die erhobenen Daten dienen lediglich zur technisch n\u00f6tigen \u00dcbertragung der Website-Inhalte. Der Websitebetreiber beh\u00e4lt sich allerdings vor, die Server-Logfiles nachtr\u00e4glich zu \u00fcberpr\u00fcfen, sollten konkrete Anhaltspunkte auf eine rechtswidrige Nutzung hinweisen.<\/p>\n\n\n\n<h3 class=\"wp-block-heading\">Umgang mit personenbezogenen Daten<\/h3>\n\n\n\n<p><strong class=\"privacy-policy-tutorial\"> <\/strong>Der Websitebetreiber erhebt, nutzt und gibt Ihre personenbezogenen Daten nur dann weiter, wenn dies im gesetzlichen Rahmen erlaubt ist oder Sie in die Datenerhebung einwilligen.<\/p>\n\n\n\n<p>Als personenbezogene Daten gelten s\u00e4mtliche Informationen, welche dazu dienen, Ihre Person zu bestimmen und welche zu Ihnen zur\u00fcckverfolgt werden k\u00f6nnen \u2013 also beispielsweise Ihr Name, Ihre E-Mail-Adresse und Telefonnummer.<\/p>\n\n\n\n<h3 class=\"wp-block-heading\">Umgang mit Kontaktdaten<\/h3>\n\n\n\n<p>Nehmen Sie mit dem Websitebetreiber durch die angebotenen Kontaktm\u00f6glichkeiten Verbindung auf, werden Ihre Angaben f\u00fcr einen Zeitraum von sechs Monaten gespeichert, damit auf diese zur Bearbeitung und Beantwortung Ihrer Anfrage und f\u00fcr den Fall von Anschlussfragen zur\u00fcckgegriffen werden kann. Ohne Ihre Einwilligung werden diese Daten nicht an Dritte weitergegeben.<\/p>\n\n\n\n<h3 class=\"wp-block-heading\">Umgang mit Kommentaren und Beitr\u00e4gen<\/h3>\n\n\n\n<p>Hinterlassen Sie auf dieser Website einen Beitrag oder Kommentar, wird Ihre IP-Adresse gespeichert. Dies dient der Sicherheit des Websitebetreibers: Verst\u00f6\u00dft Ihr Text gegen das Recht, m\u00f6chte er Ihre Identit\u00e4t nachverfolgen k\u00f6nnen.<\/p>\n","protected":false},"excerpt":{"rendered":"<p>Soweit auf unseren Seiten personenbezogene Daten (beispielsweise Name, Anschrift oder eMail-Adressen) erhoben werden, erfolgt dies soweit m\u00f6glich stets auf freiwilliger Basis. Die Nutzung der Angebote und Dienste ist, soweit m\u00f6glich, stets ohne Angabe personenbezogener Daten m\u00f6glich. Der Nutzung von im Rahmen der Impressumspflicht ver\u00f6ffentlichten Kontaktdaten durch Dritte zur \u00dcbersendung von nicht ausdr\u00fccklich angeforderter Werbung und [&hellip;]<\/p>\n","protected":false},"author":1,"featured_media":0,"parent":0,"menu_order":0,"comment_status":"closed","ping_status":"open","template":"","meta":{"footnotes":""},"class_list":["post-3","page","type-page","status-publish","hentry"],"yoast_head":"<!-- This site is optimized with the Yoast SEO plugin v22.4 - https:\/\/yoast.com\/wordpress\/plugins\/seo\/ -->\n<title>Datenschutzerkl\u00e4rung - AI Boom<\/title>\n<meta name=\"robots\" content=\"index, follow, max-snippet:-1, max-image-preview:large, max-video-preview:-1\" \/>\n<link rel=\"canonical\" href=\"https:\/\/imbstudent.donau-uni.ac.at\/aiboom\/datenschutzerklaerung\/\" \/>\n<meta property=\"og:locale\" content=\"de_DE\" \/>\n<meta property=\"og:type\" content=\"article\" \/>\n<meta property=\"og:title\" content=\"Datenschutzerkl\u00e4rung - AI Boom\" \/>\n<meta property=\"og:description\" content=\"Soweit auf unseren Seiten personenbezogene Daten (beispielsweise Name, Anschrift oder eMail-Adressen) erhoben werden, erfolgt dies soweit m\u00f6glich stets auf freiwilliger Basis. Die Nutzung der Angebote und Dienste ist, soweit m\u00f6glich, stets ohne Angabe personenbezogener Daten m\u00f6glich. Der Nutzung von im Rahmen der Impressumspflicht ver\u00f6ffentlichten Kontaktdaten durch Dritte zur \u00dcbersendung von nicht ausdr\u00fccklich angeforderter Werbung und [&hellip;]\" \/>\n<meta property=\"og:url\" content=\"https:\/\/imbstudent.donau-uni.ac.at\/aiboom\/datenschutzerklaerung\/\" \/>\n<meta property=\"og:site_name\" content=\"AI Boom\" \/>\n<meta property=\"article:modified_time\" content=\"2023-07-08T08:41:15+00:00\" \/>\n<meta name=\"twitter:card\" content=\"summary_large_image\" \/>\n<meta name=\"twitter:label1\" content=\"Gesch\u00e4tzte Lesezeit\" \/>\n\t<meta name=\"twitter:data1\" content=\"3 Minuten\" \/>\n<script type=\"application\/ld+json\" class=\"yoast-schema-graph\">{\"@context\":\"https:\/\/schema.org\",\"@graph\":[{\"@type\":\"WebPage\",\"@id\":\"https:\/\/imbstudent.donau-uni.ac.at\/aiboom\/datenschutzerklaerung\/\",\"url\":\"https:\/\/imbstudent.donau-uni.ac.at\/aiboom\/datenschutzerklaerung\/\",\"name\":\"Datenschutzerkl\u00e4rung - AI Boom\",\"isPartOf\":{\"@id\":\"https:\/\/imbstudent.donau-uni.ac.at\/aiboom\/#website\"},\"datePublished\":\"2023-03-21T08:36:47+00:00\",\"dateModified\":\"2023-07-08T08:41:15+00:00\",\"breadcrumb\":{\"@id\":\"https:\/\/imbstudent.donau-uni.ac.at\/aiboom\/datenschutzerklaerung\/#breadcrumb\"},\"inLanguage\":\"de-AT\",\"potentialAction\":[{\"@type\":\"ReadAction\",\"target\":[\"https:\/\/imbstudent.donau-uni.ac.at\/aiboom\/datenschutzerklaerung\/\"]}]},{\"@type\":\"BreadcrumbList\",\"@id\":\"https:\/\/imbstudent.donau-uni.ac.at\/aiboom\/datenschutzerklaerung\/#breadcrumb\",\"itemListElement\":[{\"@type\":\"ListItem\",\"position\":1,\"name\":\"Startseite\",\"item\":\"https:\/\/imbstudent.donau-uni.ac.at\/aiboom\/\"},{\"@type\":\"ListItem\",\"position\":2,\"name\":\"Datenschutzerkl\u00e4rung\"}]},{\"@type\":\"WebSite\",\"@id\":\"https:\/\/imbstudent.donau-uni.ac.at\/aiboom\/#website\",\"url\":\"https:\/\/imbstudent.donau-uni.ac.at\/aiboom\/\",\"name\":\"AI Boom\",\"description\":\"Der Blog f\u00fcr digitales Marketing\",\"publisher\":{\"@id\":\"https:\/\/imbstudent.donau-uni.ac.at\/aiboom\/#organization\"},\"potentialAction\":[{\"@type\":\"SearchAction\",\"target\":{\"@type\":\"EntryPoint\",\"urlTemplate\":\"https:\/\/imbstudent.donau-uni.ac.at\/aiboom\/?s={search_term_string}\"},\"query-input\":\"required name=search_term_string\"}],\"inLanguage\":\"de-AT\"},{\"@type\":\"Organization\",\"@id\":\"https:\/\/imbstudent.donau-uni.ac.at\/aiboom\/#organization\",\"name\":\"AI Boom\",\"url\":\"https:\/\/imbstudent.donau-uni.ac.at\/aiboom\/\",\"logo\":{\"@type\":\"ImageObject\",\"inLanguage\":\"de-AT\",\"@id\":\"https:\/\/imbstudent.donau-uni.ac.at\/aiboom\/#\/schema\/logo\/image\/\",\"url\":\"https:\/\/imbstudent.donau-uni.ac.at\/aiboom\/wp-content\/uploads\/2023\/07\/aiboom-fav-icon.png\",\"contentUrl\":\"https:\/\/imbstudent.donau-uni.ac.at\/aiboom\/wp-content\/uploads\/2023\/07\/aiboom-fav-icon.png\",\"width\":80,\"height\":76,\"caption\":\"AI Boom\"},\"image\":{\"@id\":\"https:\/\/imbstudent.donau-uni.ac.at\/aiboom\/#\/schema\/logo\/image\/\"}}]}<\/script>\n<!-- \/ Yoast SEO plugin. -->","yoast_head_json":{"title":"Datenschutzerkl\u00e4rung - AI Boom","robots":{"index":"index","follow":"follow","max-snippet":"max-snippet:-1","max-image-preview":"max-image-preview:large","max-video-preview":"max-video-preview:-1"},"canonical":"https:\/\/imbstudent.donau-uni.ac.at\/aiboom\/datenschutzerklaerung\/","og_locale":"de_DE","og_type":"article","og_title":"Datenschutzerkl\u00e4rung - AI Boom","og_description":"Soweit auf unseren Seiten personenbezogene Daten (beispielsweise Name, Anschrift oder eMail-Adressen) erhoben werden, erfolgt dies soweit m\u00f6glich stets auf freiwilliger Basis. Die Nutzung der Angebote und Dienste ist, soweit m\u00f6glich, stets ohne Angabe personenbezogener Daten m\u00f6glich. Der Nutzung von im Rahmen der Impressumspflicht ver\u00f6ffentlichten Kontaktdaten durch Dritte zur \u00dcbersendung von nicht ausdr\u00fccklich angeforderter Werbung und [&hellip;]","og_url":"https:\/\/imbstudent.donau-uni.ac.at\/aiboom\/datenschutzerklaerung\/","og_site_name":"AI Boom","article_modified_time":"2023-07-08T08:41:15+00:00","twitter_card":"summary_large_image","twitter_misc":{"Gesch\u00e4tzte Lesezeit":"3 Minuten"},"schema":{"@context":"https:\/\/schema.org","@graph":[{"@type":"WebPage","@id":"https:\/\/imbstudent.donau-uni.ac.at\/aiboom\/datenschutzerklaerung\/","url":"https:\/\/imbstudent.donau-uni.ac.at\/aiboom\/datenschutzerklaerung\/","name":"Datenschutzerkl\u00e4rung - AI Boom","isPartOf":{"@id":"https:\/\/imbstudent.donau-uni.ac.at\/aiboom\/#website"},"datePublished":"2023-03-21T08:36:47+00:00","dateModified":"2023-07-08T08:41:15+00:00","breadcrumb":{"@id":"https:\/\/imbstudent.donau-uni.ac.at\/aiboom\/datenschutzerklaerung\/#breadcrumb"},"inLanguage":"de-AT","potentialAction":[{"@type":"ReadAction","target":["https:\/\/imbstudent.donau-uni.ac.at\/aiboom\/datenschutzerklaerung\/"]}]},{"@type":"BreadcrumbList","@id":"https:\/\/imbstudent.donau-uni.ac.at\/aiboom\/datenschutzerklaerung\/#breadcrumb","itemListElement":[{"@type":"ListItem","position":1,"name":"Startseite","item":"https:\/\/imbstudent.donau-uni.ac.at\/aiboom\/"},{"@type":"ListItem","position":2,"name":"Datenschutzerkl\u00e4rung"}]},{"@type":"WebSite","@id":"https:\/\/imbstudent.donau-uni.ac.at\/aiboom\/#website","url":"https:\/\/imbstudent.donau-uni.ac.at\/aiboom\/","name":"AI Boom","description":"Der Blog f\u00fcr digitales Marketing","publisher":{"@id":"https:\/\/imbstudent.donau-uni.ac.at\/aiboom\/#organization"},"potentialAction":[{"@type":"SearchAction","target":{"@type":"EntryPoint","urlTemplate":"https:\/\/imbstudent.donau-uni.ac.at\/aiboom\/?s={search_term_string}"},"query-input":"required name=search_term_string"}],"inLanguage":"de-AT"},{"@type":"Organization","@id":"https:\/\/imbstudent.donau-uni.ac.at\/aiboom\/#organization","name":"AI Boom","url":"https:\/\/imbstudent.donau-uni.ac.at\/aiboom\/","logo":{"@type":"ImageObject","inLanguage":"de-AT","@id":"https:\/\/imbstudent.donau-uni.ac.at\/aiboom\/#\/schema\/logo\/image\/","url":"https:\/\/imbstudent.donau-uni.ac.at\/aiboom\/wp-content\/uploads\/2023\/07\/aiboom-fav-icon.png","contentUrl":"https:\/\/imbstudent.donau-uni.ac.at\/aiboom\/wp-content\/uploads\/2023\/07\/aiboom-fav-icon.png","width":80,"height":76,"caption":"AI Boom"},"image":{"@id":"https:\/\/imbstudent.donau-uni.ac.at\/aiboom\/#\/schema\/logo\/image\/"}}]}},"_links":{"self":[{"href":"https:\/\/imbstudent.donau-uni.ac.at\/aiboom\/wp-json\/wp\/v2\/pages\/3","targetHints":{"allow":["GET"]}}],"collection":[{"href":"https:\/\/imbstudent.donau-uni.ac.at\/aiboom\/wp-json\/wp\/v2\/pages"}],"about":[{"href":"https:\/\/imbstudent.donau-uni.ac.at\/aiboom\/wp-json\/wp\/v2\/types\/page"}],"author":[{"embeddable":true,"href":"https:\/\/imbstudent.donau-uni.ac.at\/aiboom\/wp-json\/wp\/v2\/users\/1"}],"replies":[{"embeddable":true,"href":"https:\/\/imbstudent.donau-uni.ac.at\/aiboom\/wp-json\/wp\/v2\/comments?post=3"}],"version-history":[{"count":2,"href":"https:\/\/imbstudent.donau-uni.ac.at\/aiboom\/wp-json\/wp\/v2\/pages\/3\/revisions"}],"predecessor-version":[{"id":109,"href":"https:\/\/imbstudent.donau-uni.ac.at\/aiboom\/wp-json\/wp\/v2\/pages\/3\/revisions\/109"}],"wp:attachment":[{"href":"https:\/\/imbstudent.donau-uni.ac.at\/aiboom\/wp-json\/wp\/v2\/media?parent=3"}],"curies":[{"name":"wp","href":"https:\/\/api.w.org\/{rel}","templated":true}]}}